factors of 40930.
2, 5, 4093
List the prime factors of 771739.
771739
What are the prime factors of 266370?
2, 3, 5, 13, 683
List the prime factors of 2899480.
2, 5, 173, 419
List the prime factors of 253203.
3, 84401
List the prime factors of 7247203.
547, 13249
List the prime factors of 657157.
37, 17761
What are the prime factors of 333895?
5, 43, 1553
List the prime factors of 6678189.
3, 7, 71, 1493
What are the prime factors of 5151145?
5, 61, 16889
What are the prime factors of 663672?
2, 3, 27653
List the prime factors of 8834089.
11, 73009
What are the prime factors of 12647452?
2, 607, 5209
List the prime factors of 142397.
131, 1087
List the prime factors of 642207.
3, 214069
List the prime factors of 579855.
3, 5, 29, 31, 43
List the prime factors of 7049198.
2, 13, 137, 1979
List the prime factors of 73426.
2, 36713
What are the prime factors of 2695088?
2, 11, 15313
What are the prime factors of 1068423?
3, 356141
What are the prime factors of 275394?
2, 3, 7, 79, 83
What are the prime factors of 28239943?
113, 249911
What are the prime factors of 386900?
2, 5, 53, 73
List the prime factors of 315972.
2, 3, 67, 131
List the prime factors of 1989158.
2, 994579
List the prime factors of 6345500.
2, 5, 7, 37
What are the prime factors of 4065520?
2, 5, 89, 571
List the prime factors of 643871.
433, 1487
List the prime factors of 26096322.
2, 3, 7, 37, 2399
List the prime factors of 1093879.
173, 6323
What are the prime factors of 468249?
3, 127, 1229
What are the prime factors of 29213?
131, 223
What are the prime factors of 290368?
2, 13, 349
List the prime factors of 40758.
2, 3, 6793
What are the prime factors of 1763690?
2, 5, 176369
List the prime factors of 848613.
3, 191, 1481
List the prime factors of 130742.
2, 65371
What are the prime factors of 4402230?
2, 3, 5, 7, 20963
List the prime factors of 1867004.
2, 466751
List the prime factors of 228269.
67, 3407
List the prime factors of 370085.
5, 74017
List the prime factors of 381051.
3, 11, 1283
What are the prime factors of 18473617?
43, 349, 1231
What are the prime factors of 926821?
7, 132403
List the prime factors of 2388466.
2, 17, 70249
List the prime factors of 12509157.
3, 4169719
List the prime factors of 2374822.
2, 1187411
What are the prime factors of 56718?
2, 3, 23, 137
List the prime factors of 13566922.
2, 6783461
List the prime factors of 5782976.
2, 90359
What are the prime factors of 34075?
5, 29, 47
List the prime factors of 1291625.
5, 10333
List the prime factors of 152002.
2, 76001
What are the prime factors of 10870946?
2, 127, 337
List the prime factors of 65932.
2, 53, 311
What are the prime factors of 3208124?
2, 802031
List the prime factors of 31727.
31727
What are the prime factors of 18072170?
2, 5, 317, 5701
List the prime factors of 9101642.
2, 11, 413711
List the prime factors of 199802.
2, 99901
What are the prime factors of 2484325?
5, 43, 2311
List the prime factors of 6783328.
2, 211979
What are the prime factors of 3821757?
3, 1273919
List the prime factors of 258883.
29, 79, 113
List the prime factors of 944403.
3, 23, 13687
List the prime factors of 194282.
2, 11, 8831
What are the prime factors of 1008449?
13, 77573
List the prime factors of 13236146.
2, 7, 11, 61, 1409
What are the prime factors of 316534?
2, 101, 1567
What are the prime factors of 1105810?
2, 5, 110581
List the prime factors of 2447533.
11, 101, 2203
List the prime factors of 4981157.
4981157
What are the prime factors of 1218302?
2, 107, 5693
What are the prime factors of 111780?
2, 3, 5, 23
List the prime factors of 215013.
3, 71671
List the prime factors of 295549.
337, 877
What are the prime factors of 665365?
5, 133073
What are the prime factors of 4264193?
4264193
List the prime factors of 22267822.
2, 11133911
List the prime factors of 25762271.
19, 31, 191, 229
List the prime factors of 1748636.
2, 437159
List the prime factors of 562283.
562283
What are the prime factors of 7237881?
3, 7, 131, 877
What are the prime factors of 156360?
2, 3, 5, 1303
List the prime factors of 7843756.
2, 131, 14969
What are the prime factors of 2725760?
2, 5, 4259
What are the prime factors of 1930011?
3, 503, 1279
What are the prime factors of 4194586?
2, 11, 17333
List the prime factors of 7012862.
2, 19, 179, 1031
What are the prime factors of 8363006?
2, 4181503
List the prime factors of 2816822.
2, 1408411
List the prime factors of 971053.
971053
What are the prime factors of 3279603?
3, 1093201
List the prime factors of 8712.
2, 3, 11
List the prime factors of 7496985.
3, 5, 113, 4423
List the prime factors of 442046.
2, 11, 71, 283
What are the prime factors of 4341385?
5, 868277
List the prime factors of 1026812.
2, 23, 11161
List the prime factors of 943179.
3, 19, 16547
What are the prime factors of 2627634?
2, 3, 53, 8263
List the prime factors of 430224.
2, 3, 8963
List the prime factors of 7600496.
2, 17, 27943
List the prime factors of 37565083.
4603, 8161
List the prime factors of 1412625.
3, 5, 3767
List the prime factors of 18462970.
2, 5, 1846297
What are the prime factors of 610755?
3, 5, 19, 2143
List the prime factors of 173889.
3, 139
What are the prime factors of 1972268?
2, 493067
What are the prime factors of 507342?
2, 3, 11, 7687
What are the prime factors of 1192479?
3, 397493
List the prime factors of 1995118.
2, 263, 3793
List the prime factors of 26539.
26539
List the prime factors of 3158113.
7, 451159
What are the prime factors of 226745?
5, 101, 449
List the prime factors of 1045608.
2, 3, 19, 2293
List the prime factors of 24139374.
2, 3, 7, 23, 24989
What are the prime factors of 12120?
2, 3, 5, 101
List the prime factors of 1051019.
1051019
What are the prime factors of 372227?
73, 5099
List the prime factors of 832803.
3, 277601
What are the prime factors of 31407?
3, 19, 29
List the prime factors of 324068.
2, 81017
What are the prime factors of 1403332?
2, 7, 50119
What are the prime factors of 1832945?
5, 29, 12641
What are the prime factors of 4534946?
2, 13, 13417
What are the prime factors of 881275?
5, 35251
What are the prime factors of 4360468?
2, 7, 155731
List the prime factors of 320976.
2, 3, 743
What are the prime factors of 1257068?
2, 314267
What are the prime factors of 432418?
2, 7, 67, 461
List the prime factors of 156764.
2, 39191
What are the prime factors of 21307484?
2, 11, 53, 9137
What are the prime factors of 209350?
2, 5, 53, 79
List the prime factors of 2147645.
5, 429529
What are the prime factors of 191266?
2, 95633
What are the prime factors of 16395089?
17, 964417
What are the prime factors of 755346?
2, 3, 31, 131
What are the prime factors of 7323228?
2, 3, 11, 18493
What are the prime factors of 7741480?
2, 5, 103, 1879
List the prime factors of 91514.
2, 45757
What are the prime factors of 8544648?
2, 3, 7, 181, 281
What are the prime factors of 1694099?
11, 337, 457
What are the prime factors of 938429?
19, 49391
What are the prime factors of 617792?
2, 7, 197
What are the prime factors of 7655658?
2, 3, 499, 2557
List the prime factors of 319633.
83, 3851
List the prime factors of 10187764.
2, 2546941
What are the prime factors of 238073?
11, 23, 941
What are the prime factors of 286927?
286927
What are the prime factors of 138044?
2, 34511
List the prime factors of 37309.
37309
List the prime factors of 1665406.
2, 832703
List the prime factors of 2861263.
43, 66541
List the prime factors of 379782.
2, 3, 13, 541
List the prime factors of 157998.
2, 3, 17, 1549
What are the prime factors of 27392?
2, 107
What are the prime factors of 4520328?
2, 3, 19, 23, 431
What are the prime factors of 22084521?
3, 7361507
What are the prime factors of 2149575?
3, 5, 28661
List the prime factors of 6763896.
2, 3, 37, 2539
What are the prime factors of 3280887?
3, 364543
What are the prime factors of 1085922?
2, 3, 23, 43, 61
List the prime factors of 19529666.
2, 13, 751141
What are the prime factors of 948013?
11, 86183
List the prime factors of 15280985.
5, 31, 311, 317
What are the prime factors of 921361?
7, 43, 3061
List the prime factors of 302663.
302663
What are the prime factors of 314825?
5, 7, 257
What are the prime factors of 1537678?
2, 131, 5869
What are the prime factors of 543719?
11, 4942